{"id":3602,"date":"2026-03-11T09:55:55","date_gmt":"2026-03-11T15:55:55","guid":{"rendered":"https:\/\/www.cedim.edu.mx\/?post_type=evento&#038;p=3602"},"modified":"2026-03-11T09:55:55","modified_gmt":"2026-03-11T15:55:55","slug":"el-diseno-a-traves-del-inoxidable","status":"publish","type":"evento","link":"https:\/\/www.cedim.edu.mx\/en\/evento\/el-diseno-a-traves-del-inoxidable\/","title":{"rendered":"El dise\u00f1o a trav\u00e9s del inoxidable"},"content":{"rendered":"<p>\u00bfC\u00f3mo influyen los materiales en las decisiones de dise\u00f1o?<br>En este BoK de la carrera de Dise\u00f1o Industrial y Desarrollo de Producto, exploraremos c\u00f3mo conocer y aprovechar las cualidades y el comportamiento de los aceros inoxidables puede transformar la manera en que concebimos, especificamos y desarrollamos productos para distintos sectores de la industria.<br>Una conferencia pr\u00e1ctica que abordar\u00e1 la selecci\u00f3n adecuada de aleaciones, la especificaci\u00f3n de acabados, la prevenci\u00f3n de fallos y el dise\u00f1o enfocado en la manufacturabilidad y la sostenibilidad.<\/p>\n\n\n\n<p>Porque entender el material es entender el dise\u00f1o desde su esencia.<\/p>\n\n\n\n<p>\ud83d\udcc5 Martes 10 de marzo<br>\ud83d\udd52 3:00 p.m.<br>\ud83d\udccd \u00a9CEDIM \u00c1rea Lounge<\/p>","protected":false},"excerpt":{"rendered":"<p>\u00bfC\u00f3mo influyen los materiales en las decisiones de dise\u00f1o?En este BoK de la carrera de Dise\u00f1o Industrial y Desarrollo de Producto, exploraremos c\u00f3mo conocer y aprovechar las cualidades y el comportamiento de los aceros inoxidables puede transformar la manera en que concebimos, especificamos y desarrollamos productos para distintos sectores de la industria.Una conferencia pr\u00e1ctica que [&hellip;]<\/p>\n","protected":false},"author":6,"featured_media":0,"menu_order":0,"template":"","meta":{"inline_featured_image":false},"categories":[7],"tags":[4],"class_list":["post-3602","evento","type-evento","status-publish","hentry","category-ind","tag-conferencia"],"acf":[],"_links":{"self":[{"href":"https:\/\/www.cedim.edu.mx\/en\/wp-json\/wp\/v2\/evento\/3602","targetHints":{"allow":["GET"]}}],"collection":[{"href":"https:\/\/www.cedim.edu.mx\/en\/wp-json\/wp\/v2\/evento"}],"about":[{"href":"https:\/\/www.cedim.edu.mx\/en\/wp-json\/wp\/v2\/types\/evento"}],"author":[{"embeddable":true,"href":"https:\/\/www.cedim.edu.mx\/en\/wp-json\/wp\/v2\/users\/6"}],"wp:attachment":[{"href":"https:\/\/www.cedim.edu.mx\/en\/wp-json\/wp\/v2\/media?parent=3602"}],"wp:term":[{"taxonomy":"category","embeddable":true,"href":"https:\/\/www.cedim.edu.mx\/en\/wp-json\/wp\/v2\/categories?post=3602"},{"taxonomy":"post_tag","embeddable":true,"href":"https:\/\/www.cedim.edu.mx\/en\/wp-json\/wp\/v2\/tags?post=3602"}],"curies":[{"name":"wp","href":"https:\/\/api.w.org\/{rel}","templated":true}]}}

El diseño a través del inoxidable

<p>¿Cómo influyen los materiales en las decisiones de diseño?<br>En este BoK de la carrera de Diseño Industrial y Desarrollo de Producto, exploraremos cómo conocer y aprovechar las cualidades y el comportamiento de los aceros inoxidables puede transformar la manera en que concebimos, especificamos y desarrollamos productos para distintos sectores de la industria.<br>Una conferencia práctica que abordará la selección adecuada de aleaciones, la especificación de acabados, la prevención de fallos y el diseño enfocado en la manufacturabilidad y la sostenibilidad.</p>



<p>Porque entender el material es entender el diseño desde su esencia.</p>



<p>📅 Martes 10 de marzo<br>🕒 3:00 p.m.<br>📍 ©CEDIM Área Lounge</p>

<p>¿Cómo influyen los materiales en las decisiones de diseño?En este BoK de la carrera de Diseño Industrial y Desarrollo de Producto, exploraremos cómo conocer y aprovechar las cualidades y el comportamiento de los aceros inoxidables puede transformar la manera en que concebimos, especificamos y desarrollamos productos para distintos sectores de la industria.Una conferencia práctica que [&hellip;]</p>
