{"id":3606,"date":"2026-03-11T09:59:56","date_gmt":"2026-03-11T15:59:56","guid":{"rendered":"https:\/\/www.cedim.edu.mx\/?post_type=evento&#038;p=3606"},"modified":"2026-03-11T09:59:56","modified_gmt":"2026-03-11T15:59:56","slug":"logos-monterrey-siglo-xx","status":"publish","type":"evento","link":"https:\/\/www.cedim.edu.mx\/en\/evento\/logos-monterrey-siglo-xx\/","title":{"rendered":"Logos Monterrey: Siglo XX"},"content":{"rendered":"<p>En este BoK de la carrera de Dise\u00f1o Gr\u00e1fico y Mercadotecnia Estrat\u00e9gica, \u00d3scar Estrada nos lleva por la historia del Logo Modernismo en Monterrey: el nacimiento del branding regio y la memoria de identidades visuales que promet\u00edan un mundo moderno, industrial y global.<br>Un recorrido por el trabajo de referentes como Lance Wyman, Walter Landor y Pedro Ram\u00edrez V\u00e1zquez, as\u00ed como por marcas fundacionales como Topo Chico y Carta Blanca, que ayudaron a construir identidad desde el norte del pa\u00eds.<\/p>\n\n\n\n<p>Una charla para entender c\u00f3mo el pasado del dise\u00f1o sigue definiendo el presente de nuestras marcas.<\/p>","protected":false},"excerpt":{"rendered":"<p>En este BoK de la carrera de Dise\u00f1o Gr\u00e1fico y Mercadotecnia Estrat\u00e9gica, \u00d3scar Estrada nos lleva por la historia del Logo Modernismo en Monterrey: el nacimiento del branding regio y la memoria de identidades visuales que promet\u00edan un mundo moderno, industrial y global.Un recorrido por el trabajo de referentes como Lance Wyman, Walter Landor y [&hellip;]<\/p>\n","protected":false},"author":6,"featured_media":0,"menu_order":0,"template":"","meta":{"inline_featured_image":false},"categories":[3],"tags":[4],"class_list":["post-3606","evento","type-evento","status-publish","hentry","category-grf","tag-conferencia"],"acf":[],"_links":{"self":[{"href":"https:\/\/www.cedim.edu.mx\/en\/wp-json\/wp\/v2\/evento\/3606","targetHints":{"allow":["GET"]}}],"collection":[{"href":"https:\/\/www.cedim.edu.mx\/en\/wp-json\/wp\/v2\/evento"}],"about":[{"href":"https:\/\/www.cedim.edu.mx\/en\/wp-json\/wp\/v2\/types\/evento"}],"author":[{"embeddable":true,"href":"https:\/\/www.cedim.edu.mx\/en\/wp-json\/wp\/v2\/users\/6"}],"wp:attachment":[{"href":"https:\/\/www.cedim.edu.mx\/en\/wp-json\/wp\/v2\/media?parent=3606"}],"wp:term":[{"taxonomy":"category","embeddable":true,"href":"https:\/\/www.cedim.edu.mx\/en\/wp-json\/wp\/v2\/categories?post=3606"},{"taxonomy":"post_tag","embeddable":true,"href":"https:\/\/www.cedim.edu.mx\/en\/wp-json\/wp\/v2\/tags?post=3606"}],"curies":[{"name":"wp","href":"https:\/\/api.w.org\/{rel}","templated":true}]}}

<p>En este BoK de la carrera de Diseño Gráfico y Mercadotecnia Estratégica, Óscar Estrada nos lleva por la historia del Logo Modernismo en Monterrey: el nacimiento del branding regio y la memoria de identidades visuales que prometían un mundo moderno, industrial y global.<br>Un recorrido por el trabajo de referentes como Lance Wyman, Walter Landor y Pedro Ramírez Vázquez, así como por marcas fundacionales como Topo Chico y Carta Blanca, que ayudaron a construir identidad desde el norte del país.</p>



<p>Una charla para entender cómo el pasado del diseño sigue definiendo el presente de nuestras marcas.</p>

<p>En este BoK de la carrera de Diseño Gráfico y Mercadotecnia Estratégica, Óscar Estrada nos lleva por la historia del Logo Modernismo en Monterrey: el nacimiento del branding regio y la memoria de identidades visuales que prometían un mundo moderno, industrial y global.Un recorrido por el trabajo de referentes como Lance Wyman, Walter Landor y [&hellip;]</p>
